 2 - -3. Suppose j*n = -3*z + 424, 4*z - n = n + 542. List the prime factors of z.
2, 3, 23
Suppose -d + 4*j + 59 = 0, -4*j - 63 = -d + j. Let t be (-2436)/147 + 17 + 176/14. Let r = d + t. What are the prime factors of r?
2, 7
Suppose -6*k - 103 = -883. Let q = k + 223. Let l = q - 197. What are the prime factors of l?
2, 3, 13
Suppose -2*z - z - 6 = 3*j, 5*z = -j - 14. What are the prime factors of (-10)/((-65)/64 - -1) - z?
643
Suppose -55*z + 39*z + 18640 = 0. What are the prime factors of z?
5, 233
Suppose 14*s = 9*s + 4*o + 121191, -s - 3*o = -24242. What are the prime factors of s?
24239
Suppose 45 = -10*p + 35. What are the prime factors of -1 + (-1)/p - -205?
5, 41
Let l be -1 - (6 - 2 - 5). Suppose 4*j + l*p - 558 = -p, 0 = 4*j - p - 562. What are the prime factors of j?
2, 5, 7
Let b(l) = 18*l + 95 - 4*l + 3*l + 55*l. What are the prime factors of b(6)?
17, 31
Let d(m) = -m + 4. Let z be d(3). Let n be z + ((-460)/(-4) - (0 + 2)). Let c = n - 22. List the prime factors of c.
2, 23
Let t = 4615 + -2888. List the prime factors of t.
11, 157
Let o(v) = 41*v - 320. Let f be o(8). Suppose -f*j = -39*j + 14942. What are the prime factors of j?
2, 241
Let w(q) = -275*q + 3045. List the prime factors of w(-27).
2, 3, 5, 349
Suppose 42*h - 2099702 = 10*h - 382038. List the prime factors of h.
13, 4129
Let r be (0 + -6)*(-10)/(-4). Let c(x) = 2*x**2 + 17*x + 34. What are the prime factors of c(r)?
229
Let g(c) = 65*c**2 + 172*c + 1541. What are the prime factors of g(-9)?
2, 11, 239
Let k = -788 - -618. Let u = 379 + k. List the prime factors of u.
11, 19
Let m(k) be the second derivative of -k**5/10 - 2*k**4/3 - 2*k**3 - 9*k**2/2 - 6*k + 4. What are the prime factors of m(-7)?
3, 41
Let y be (84/(-9))/((-6)/(-9)). What are the prime factors of (2312/(-12))/(y/21)?
17
Suppose -13*b - 17*b = 0. Suppose b = 29*g - 12*g - 7684. What are the prime factors of g?
2, 113
What are the prime factors of 1*-302*(8 - -45*(-9)/27)?
2, 7, 151
Let v = 15173 + -6875. What are the prime factors of v?
2, 3, 461
Let o be ((-2)/6)/(-11 - (-928)/84). List the prime factors of o + (2 - -4) + (-1 - -494).
2, 3, 41
Let p = -122 - -123. What are the prime factors of ((4 - -1)/15)/(p/1059)?
353
Suppose 31*c - 14*c - c = 268432. List the prime factors of c.
19, 883
Suppose 1590 = -5*y - 5*h, 930 = -3*y - 2*h + 7*h. Let m = 805 + y. Let i = -321 + m. What are the prime factors of i?
13
Let x be (-2)/5 - 2740/25. Let f be (0 + x - 0) + (11 - 12). Let m = 161 + f. List the prime factors of m.
2, 5
Let m = 210 + -360. Let j = -64 - m. Let q = 154 - j. List the prime factors of q.
2, 17
List the prime factors of 4/8*164130/(-75)*-25.
5, 5471
Let t(b) = -5*b**3 - 7*b**2 - 4*b - 10. Let g(n) = 4*n**3 + 6*n**2 + 3*n + 9. Let o(m) = 4*g(m) + 3*t(m). What are the prime factors of o(3)?
2, 3, 5
Let k(r) = 5*r**3 + r**2 - r - 2. Let b be k(-2). Let p be (3 + -2)/(6/b). Let u(x) = -21*x - 1. List the prime factors of u(p).
5
Let q = 242 - 115. Let h = q + -34. Suppose 4*x + h = 481. List the prime factors of x.
97
Suppose -3*y + 19 = -0*a + 2*a, -4*y + 16 = -2*a. Suppose -3*z + 3*l + 232 = z, a*l = 2*z - 116. Let s = z + -39. List the prime factors of s.
19
Suppose -55 = -3*b - w - 80, -28 = 4*w. Suppose -48 = -2*o - z, -o + 0*z - 2*z = -27. List the prime factors of o/(2/(-3)*b/20).
5, 23
Let f(q) = -q**3 - 110*q**2 - 119*q - 488. List the prime factors of f(-111).
2, 19, 659
Suppose 0 = 44*b - 46*b - 596. Let k = 1002 + b. What are the prime factors of k?
2, 11
Let r(t) = -78*t + 1574. List the prime factors of r(-16).
2, 17, 83
Suppose 0 = -d - 7 + 11. Let p be d - 5 - (0 - -1)/(-1). Suppose p = 14*f - 8*f - 444. What are the prime factors of f?
2, 37
Suppose -4*m + 599 = 3*n, -3*n + 1 = 10. Suppose 2*o + 25 = -3*o, -3*y + 5*o = -193. Suppose 2*v - m = c + c, v = -3*c + y. What are the prime factors of v?
71
Suppose -s = 4*z - 45, -2*z = 3*z + 5*s - 60. Suppose -2*o - 1 + z = 0. Suppose o*t - t - 128 = 0. What are the prime factors of t?
2
Let w(n) = n**2 + 34*n + 26. Let c be w(-12). Let x = -6 - c. What are the prime factors of x?
2, 29
Suppose -6 + 34 = k. Let n = -6 + k. What are the prime factors of n/(-77) + 1278/14?
7, 13
Let b(z) = -2*z**3 + 43*z**2 - 97*z + 41. What are the prime factors of b(17)?
3, 331
Suppose 222 = -3*l + t - 56, 0 = 2*l + 2*t + 188. Suppose 0 = 4*u - 5*f - 693, -5*u + f + 891 = 3*f. Let r = l + u. List the prime factors of r.
2, 3, 7
Suppose 0 = 91*j - 96*j + 15. Suppose -1758 = -5*m + p, -11*m + j*p = -13*m + 693. What are the prime factors of m?
3, 13
Let p(x) = -x + 3*x - x**3 - 7*x + 6*x**2 + 3*x + 16. Let u be p(6). List the prime factors of 66 - (4 + u/(-1) + 1).
5, 13
Let c(g) = -12 - 9*g + 26 + 36 + 11. Suppose n - 2*l - 6 = 0, -3*l - 6 - 3 = n. What are the prime factors of c(n)?
61
Suppose -13*j + 2*c = -8*j - 1190, 4*c = 20. Let x = j + 384. List the prime factors of x.
2, 3, 13
List the prime factors of -43 - 133/(-7) - -26092.
2, 7, 19
Let t = -41 - -36. Let p(l) = -206*l - 33. What are the prime factors of p(t)?
997
Suppose -g + 3*g - 6 = -k, -k = 3*g - 8. Let x be (29/4)/(g/8). Suppose -2 = u, -3*u + x = 5*b - 0*u. What are the prime factors of b?
7
Suppose 0 = -34*d + 304 - 66. Suppose -t + 5*g = -1979, -d*t = -6*t - 4*g - 1978. List the prime factors of t.
2, 3, 7, 47
Let d be (12/42 - 214/(-35))*10. Let o = d + -46. Suppose -4*s + 336 = 2*n + o, 278 = 2*n - 4*s. What are the prime factors of n?
149
Let d(y) = 208*y**2 + 2*y - 59. List the prime factors of d(7).
73, 139
Suppose m - 20*t + 21*t - 4420 = 0, 2*m = -4*t + 8842. List the prime factors of m.
3, 491
Let d be -1 + 0 + (-108 - -5075). Let p = -3489 + d. List the prime factors of p.
7, 211
What are the prime factors of ((-34)/(-119))/((-1)/7484*20/(-70))?
2, 1871
What are the prime factors of (-1 + -21)/((-37345)/18655 + 5 + -3)?
2, 11, 13, 41
Suppose 182 = 8*j + 18*j. Suppose j*f = -5*f + 11976. List the prime factors of f.
2, 499
Let k = 96 + 2743. What are the prime factors of k?
17, 167
Suppose 5*o = -4*l + 1801, -11*l + 6*l + 4*o + 2241 = 0. Let m = l - 97. What are the prime factors of m?
2, 11
Let m = -9498 + 13330. List the prime factors of m.
2, 479
Suppose -84 = -20*m + 36. Let z(d) = 21*d**2 - 17*d - 11. What are the prime factors of z(m)?
643
Let v = 8956 - -4253. What are the prime factors of v?
3, 7, 17, 37
Let x(i) = -3824*i + 784. List the prime factors of x(-3).
2, 383
Suppose -6*f + 1392 = z - 4*f, -f = -z + 1386. Suppose 0 = 3*a - a - z. What are the prime factors of a?
2, 347
Suppose 8956 + 18829 = 13*v - 152434. List the prime factors of v.
3, 4621
Let a(c) = 5*c**2 - 5*c. Let v be a(-2). Let o be 14/(-49) - v*1/(-7). Suppose -q - 396 = -o*q. What are the prime factors of q?
2, 3, 11
Let y(r) = 649*r - 1383. List the prime factors of y(11).
2, 1439
Suppose 0 = 2*p + 2*m - 2, -4*p + 14*m - 9*m = 23. Let t(r) = 90*r**2 + 4*r + 2. What are the prime factors of t(p)?
2, 3, 59
Suppose 0 = 54*r + 25*r + 135*r - 649490. What are the prime factors of r?
5, 607
Suppose 3*t - 4 = 2*o + 2, -3*o - 9 = -4*t. Let u be (-105)/14*(-4)/3. Suppose t = u*a - 414 - 756. List the prime factors of a.
3, 13
Suppose i = 0, -3*i + 16 = -2*g - i. Let z(b) = -9 + 9*b**2 - 5 + b**3 + 10*b + b**2. What are the prime factors of z(g)?
2, 17
Let m(t) = -2*t + 1. Let x be m(-1). Suppose 35*i - 4471 - 12469 = 0. Suppose 469 = 3*c + o, -5*o + 3*o - i = -x*c. What are the prime factors of c?
2, 79
Let h = -12 + 12. Let w be (-20)/(1 + -5) - h. Suppose 3*y - w*s - 297 = 0, -3*s + 4*s = -4*y + 373. List the prime factors of y.
2, 47
Let y(i) be the first derivative of i**2/2 - 4*i - 20. Let f be y(7). Suppose 915 = 8*p - f*p. List the prime factors of p.
3, 61
Let w = 0 - 2. Let c = w + -23. Let g = c - -78. What are the prime factors of g?
53
Let g(s) = -29*s**2 - 3*s - 1. Let d be g(-1). Let r = d + 29. Suppose 4*m - 128 = r*m. What are the prime factors of m?
2
List the prime factors of 3 + (-6)/(-2) + 4293/9*161.
3, 25601
Suppose -17131886 = -357*m + 7346890. What are the prime factors of m?
2, 3, 2857
Let b = 10993 + -5773. List the prime factors of b.
2, 3, 5, 29
Let d(x) = 4*x + 3. Let y(i) = -i**3 + 24*i**2 - 22*i - 17. Let f be 3 + 0 + (-300)/(-15). Let m be y(f). What are the p